*g - 2 - 5 - g**2. Give h(f).
-7
Let v(j) = -j**3 - 9*j**2 - 7*j + 9. Let l be v(-8). Let q = 25 + -22. Let c(p) = -8*p**q + 4*p - p - 1 + 2*p - 4*p. Determine c(l).
-8
Let b(p) = 6*p**2 + 28*p + p**3 + 262 - 246 + 12*p**2 - 9*p. Give b(-17).
-18
Let k(j) = 2297*j - 2299*j + 4 + 0. Give k(-8).
20
Suppose 7*b - 12 = b. Suppose -3*t - 2*t + b*c = -14, -4 = 2*c. Let d(o) be the first derivative of o**4/2 - o**3 + o**2/2 - 2*o - 1. Determine d(t).
4
Suppose 2*t = 4*y - 2*t - 28, -5*y + t + 19 = 0. Let d(v) be the third derivative of -v**4/12 - v**3/6 + 2*v**2 - 675*v. Calculate d(y).
-7
Let z(m) be the first derivative of -m**6/360 + 7*m**4/8 + 10*m**3/3 - 21. Let f(h) be the third derivative of z(h). Calculate f(0).
21
Let n(q) = -2*q**2 + 28*q - 28. Let i(r) = r**2 - 14*r + 13. Suppose 15 = -3*l, -4*w + l + 2 = 3*l. Let y(h) = w*n(h) + 7*i(h). Determine y(13).
-6
Let m = -18 + 21. Let p(i) = 4*i**3 + 3 - m*i**3 - 2*i**2 + 4*i**2 - 5*i + 0*i**2. What is p(-4)?
-9
Let b(u) = -26*u + 7*u**2 - 28*u + 69*u - 23*u + 8 + u**3. What is b(-8)?
8
Let l(k) = 2*k**2 - 16*k - 5. Let w(a) = a - 19. Let v be w(27). Let d be l(v). Let i(q) be the third derivative of -q**4/12 - 2*q**3/3 + q**2. What is i(d)?
6
Let m(r) be the third derivative of -r**5/60 - r**4/6 + 2*r**3/3 + r**2 - 109. Let s be 4*-2*(-9)/(-12). Calculate m(s).
-8
Let c(v) = 3*v + 7 + 0*v**3 - 6*v**3 - 5 + 3*v**2. Let f(t) = -19*t**3 + 10*t**2 + 10*t + 7. Let w(x) = 7*c(x) - 2*f(x). Determine w(-1).
4
Let l(k) = k - 2. Suppose 180*i + 18 = 177*i. Give l(i).
-8
Let a(p) be the second derivative of -p**4/12 + 4*p**3/3 + 7*p - 3. Let d be (-2 - (-5 - -3)) + 7. Give a(d).
7
Let i(x) = -3*x**2 - 10*x**2 - 14*x - 3 - 52*x**3 - 15 + 51*x**3. Determine i(-12).
6
Suppose -2*h + 2 = 2*v + 2*v, -9 = -h + 2*v. Suppose 0*m = 2*r + h*m - 19, 3*r - 2*m = 0. Suppose 5*l - r*l = -12. Let q(y) = y + 4. Determine q(l).
0
Let i(y) be the first derivative of y**3/3 + 2*y**2 + 3*y - 7. Let o be (16 - 1) + (0 - -4) + -6. Let x = 11 - o. Give i(x).
-1
Let r(l) = 6*l - 653 - l**2 - 653 + 1308. What is r(6)?
2
Let w(y) = -y**3 - y**2 - 6. Let z be w(0). Let m be (-1 + 1)*z/12. Let h(n) = -1 - n**3 - 5*n**3 + m*n**3. What is h(-1)?
5
Let k(c) = -c**2 - c - 8. Let g(m) be the first derivative of m**4/4 - 8*m**3/3 - m**2/2 + 8*m + 9. Let h be g(8). Give k(h).
-8
Let h(s) = 9*s. Let u(g) = 5*g. Let d(f) = -f**2 + 5. Let w be d(4). Let l be (5/(-35) - -1)/((-1)/(-7)). Let y(k) = l*h(k) + w*u(k). Give y(5).
-5
Let l(j) = -j**3 + 2*j**2 + 3*j + 4. Let q = 219 - 216. Give l(q).
4
Let i(v) = 7*v**2 - 8*v - 2. Let m(h) = -3*h**2 + 4*h + 1. Let o(c) = -2*i(c) - 5*m(c). Let s(x) = -x**3 - x**2 + 14*x + 29. Let k be s(-3). What is o(k)?
4
Suppose 3*n + 2*r = 11, -14 = -5*n - 13*r + 14*r. Let i(o) = o**3 + o**2 - 7*o - 1. Determine i(n).
14
Let g(y) be the third derivative of -1/3*y**4 + 1/2*y**3 + 1/60*y**5 + 0 - 9*y**2 + 0*y. Calculate g(6).
-9
Suppose 6*q + 25 = q. Let h be (4/8)/(q/(-170)). Suppose 2*k = 6*x - 3*x - h, 0 = -5*k + 5*x - 35. Let d(s) = -s**2 - 3*s + 2. Determine d(k).
-2
Let b(q) = 5*q**3 - 5*q**2 - 15*q + 1. Let p(m) = -m**3 + 2*m - 1. Let x(f) = b(f) + 6*p(f). Determine x(-5).
10
Let y(r) = r**3 - 25*r**2 + 25*r - 23. Suppose 0 = -5*g + 4*b + 104, b = 4*g - 1 - 91. What is y(g)?
1
Suppose 25 = -5*k, -23*k + 18*k = -o + 21. Let p(r) = -3*r - 3 - 2*r**2 + 2*r - 5*r + r**2. Calculate p(o).
5
Let r(h) = h**2 - 4*h - 1. Let k be (1 + 1)/(-2 - -4). Let f = 5 + k. Let c be f/2 + 2 + -1. Calculate r(c).
-1
Let m(y) = 8*y - 171. Let p be m(24). Let u(b) = -b**3 + 21*b**2 + b - 13. What is u(p)?
8
Let x(f) = -1 + f + 2 + 3 - 5. Let k = -23 + 29. Determine x(k).
5
Suppose -28*u - 86 = 82. Let v(p) = -p**2 + 2*p - 1. What is v(u)?
-49
Let z = -44 + 54. Let a(u) = 12*u - 9*u - z*u. What is a(-1)?
7
Suppose -4*b + 48 = -2*j - 2*j, 0 = -j - 5. Suppose -13*x = -b*x - 18. Let v(u) = -2*u - 4. Determine v(x).
-10
Suppose -44 = -3*j - 11. Let l(i) = -7 + j + i - 13. Calculate l(10).
1
Let y = -394 + 398. Let q(b) = b**3 - 6*b**2 + 6*b + 6. Calculate q(y).
-2
Let o(b) = -24*b. Let n(t) = 2*t - 11. Let v be n(6). Calculate o(v).
-24
Suppose -3*p + 2*p = 4. Let d(a) = -a - 3. Let i(m) = -2*m - 7. Let k(h) = p*i(h) + 10*d(h). Determine k(-4).
6
Let p(z) = z**3 + 8*z**2 + 6*z + 1. Let l be (-2070)/322 - (-6)/14. What is p(l)?
37
Let j(r) = r**3 - 3*r**2 + 2*r - 3. Let l be j(3). Let n(v) = l*v**2 + 5*v - 2 + 4 - v**2 - v**2. What is n(-5)?
2
Let p(b) = -7*b**3. Let g(l) = l + 1. Let a(w) = -w + 3. Let k be a(0). Let j be g(k). Suppose j = -3*v + 7*v. Calculate p(v).
-7
Let d(b) = 3*b + 2 + b - b**2 - 6*b**3 + 0*b + 5*b**3. Determine d(-3).
8
Suppose 9*w + 80 = -w. Let r(v) = -v**3 - 9*v**2 - 7*v + 9. Calculate r(w).
1
Let r(c) be the second derivative of c**3/6 + 2*c**2 - 2*c + 5. What is r(-3)?
1
Let g(t) = -108*t + 5. Let y(p) = -72*p + 3. Let m(f) = 5*g(f) - 8*y(f). What is m(1)?
37
Suppose 35 = 5*y + 7*q - 2*q, -4*q - 49 = -3*y. Let h(z) = 3*z + 4*z - y*z + 3*z. Let j(b) = -b**3 + 3*b**2 - 2*b + 1. Let v be j(3). Determine h(v).
5
Let m(n) = -n - 20. Suppose 0 = -3*t - z - 27, 6*t - 3*t + 24 = -2*z. Calculate m(t).
-10
Let v(c) = c**3 - 9*c**2 + 2*c - 35. Let h be v(9). Let p(z) = -z**3 - 16*z**2 + 18*z + 1. What is p(h)?
-16
Let z(a) = 6*a + 3. Let m(x) = -5*x - 2. Let n(p) = -5*m(p) - 4*z(p). Let v be (33/(-22))/(6/(-16) + 0). Give n(v).
2
Let q be (99/36)/((-1)/4). Let l(g) = 2*g + 3. Let d(p) = -p - 2. Let n(f) = q*d(f) - 6*l(f). Let y be 21/6*12/7. Determine n(y).
-2
Let o(j) be the second derivative of 7*j**4/12 - j**3/3 + j**2/2 - 2*j - 63. Determine o(1).
6
Suppose 0*m - 2*m + m = 0. Let y(f) = -4 + 817*f + m - 818*f. Calculate y(-6).
2
Let k(q) = q**2 + q - 3. Let o be (-5)/(-15) + (-86)/(-3). Suppose 0 = -4*h - 4*j + 28, 2*h + 4*j + 7 - o = 0. Calculate k(h).
9
Let w(n) be the third derivative of n**6/120 - n**5/12 + n**4/8 + n**3/6 - 4*n**2. Determine w(5).
16
Let a(z) = z**2 - 3*z - 5. Let p(i) = -2*i**2 + 6*i + 9. Let l(h) = 11*a(h) + 6*p(h). Let d be l(3). Let j(w) = -10*w**2 - 234*w + 234*w. Give j(d).
-10
Let z(o) be the second derivative of o**3/6 + o**2/2 - 25*o. Let c(i) = -2*i - 10. Let l(m) = -c(m) - 3*z(m). Let h = 16 + -11. Determine l(h).
2
Let k(p) = 4*p - 4. Let x be 34/(-8) + (-30)/40. Calculate k(x).
-24
Let s(w) = 7*w + 10. Let b(p) = 5*p + 12. Let c(r) = 3*b(r) - 2*s(r). Give c(-12).
4
Suppose 0 = h + 4*l + 3 - 20, 0 = 3*h + 3*l - 15. Suppose 9 = 2*v + d + 2*d, -v + 4*d = h. Suppose -v*b - 2*b - 10 = 0. Let u(z) = 3*z. Give u(b).
-6
Let w be ((0 - -8) + (-92)/12)*-15. Let z(a) = 2*a**3 + 8*a**2 + 4*a - 3. Calculate z(w).
-73
Let f(n) = 0*n**2 + 8*n + 3 - n**2 + 2. Let h be f(8). Let o(g) = g**2 + 0*g**2 - 2*g**2 + 4*g + 142 - 72 - 65. What is o(h)?
0
Let j = -2 + 2. Let s(i) be the first derivative of -1/3*i**3 - 12*i + 1 + 0*i**2. What is s(j)?
-12
Let w(a) = 3*a + 3. Let l = -10 - -26. Suppose 4*t - 8*t = l. Determine w(t).
-9
Let k(t) = -t**3 + 9*t**2 - 8*t - 3. Let b be k(8). Let x be ((-4)/(-6))/((-18)/(-81)). Let q(s) = -x + 0*s**2 - s + 6 + 2*s + s**2. Give q(b).
9
Suppose -m + 24 = 3*m. Suppose -m = 2*y - 5*y. Let x(h) = 10 + 0*h**y + 27*h - 6*h**2 + h**3 - 35*h. Give x(7).
3
Let a be 2/14 + (-555)/(-35) + -17. Let g(n) = 0 - 1 + 4*n - 5*n. Determine g(a).
0
Let s(t) = 3*t + 4. Let i(l) = -l**2 + 2*l - 3. Suppose -5*g = -3*g. Let x be i(g). Determine s(x).
-5
Let h(i) = -i**2 - i - 7. Let f(p) = 2*p**2 + p + 13. Let s(x) = -2*f(x) - 5*h(x). What is s(-4)?
13
Let y(b) = 10*b + 5. Let z(u) = 39*u + 18. Let c(l) = 15*y(l) - 4*z(l). Give c(-3).
21
Let d(g) = -g**2 + 9*g + 2. Let i be ((-232)/40 - -5)/(4/(-30)). Let w be ((-4)/(-7))/((-34)/(-119)) + i. Give d(w).
10
Let m(q) be the second derivative of -q**4/3 + q**3/3 + 12*q + 7. Give m(2).
-12
Let x(d) be the third derivative of -d**4/12 + 4*d**3/3 - 138*d**2. Calculate x(10).
-12
Let v(h) = h**2 + 6*h + 3. Let d = 47 - 52. What is v(d)?
-2
Let g(f) be the third derivative of -f**5/60 - f**4/3 - 2*f**3/3 + 134*f**2. What is g(-9)?
-13
Let i(g) = -g**3 - 6*g**2 - 4*g + 3. Let h be ((-6)/(-16))/(6/48). Suppose -16 = h*s + l, s = 5*l - 0*l. Determine i(s).
-2
Let n = 427 - 430. Let f(g) = -g**3 - 2*g**2 + g + 2. Calculate f(n).
8
Let m(f) = 2*f**